331
Let b(s) = -3*s**2 - 2575*s - 45450. Give b(-18).
-72
Let u(f) = 30109*f - 150525. What is u(5)?
20
Let i(c) = 8*c**3 - 1788*c**2 - 1530*c + 142020. Determine i(224).
4
Let z(g) = 608*g - 171419. Calculate z(282).
37
Let l(b) = 1441*b - 104538. Determine l(73).
655
Let l(u) = 16991*u + 1427206. Calculate l(-84).
-38
Let r(w) = -627*w + 2948. Determine r(7).
-1441
Let j(r) = -428*r**2 - 10703*r - 88. Calculate j(-25).
-13
Let q(a) = -a**3 - 8*a**2 - 4250*a - 21202. Give q(-5).
-27
Let z(l) = 2837*l + 87931. Give z(-31).
-16
Let r(y) = -223*y**2 + 8192*y - 5922. What is r(36)?
-18
Let t(b) = 11272*b**2 + 1803522*b + 324. Determine t(-160).
4
Let w(s) = s**2 - 73034*s + 42. Calculate w(0).
42
Let d(i) = -2541*i + 5225. Determine d(2).
143
Let o(y) = -754*y + 142485. Determine o(189).
-21
Let i(x) = x**3 + 2*x**2 + 3718*x - 11203. What is i(3)?
-4
Let y(n) = -29817*n - 2862437. Give y(-96).
-5
Let y(l) = 4*l**3 + 388*l**2 + 53*l + 5152. Calculate y(-97).
11
Let m(j) = 114*j**2 + 169*j - 100. Give m(-2).
18
Let s(h) = -h**2 - 6066*h - 478870. Give s(-80).
10
Let j(a) = -68*a**2 - 243*a + 1461. Determine j(6).
-2445
Let f(k) = -28713*k - 516831. Give f(-18).
3
Let n(v) = -v**3 - 53*v**2 + 103*v - 7009. Calculate n(-57).
116
Let n(f) = 897*f - 656422. Determine n(732).
182
Let u(h) = -h**2 + 3858*h + 30812. Determine u(-8).
-116
Let u(t) = -4*t**3 + 9*t**2 - 2769*t + 5538. Calculate u(2).
4
Let g(n) = n**2 - 4561*n - 118819. What is g(-26)?
443
Let d(a) = a**2 + 18403*a - 904134. Give d(49).
14
Let o(v) = -1262*v + 805077. Give o(638).
-79
Let t(q) = 2*q**3 - 1180*q**2 - 2403*q + 20100. What is t(592)?
-620
Let b(m) = 12*m**3 + 2113*m**2 + 178*m + 415. What is b(-176)?
63
Let h(m) = -m**3 + 10*m**2 + 111*m + 16. Give h(14).
786
Let v(s) = -19*s**3 - 15*s**2 - 22*s + 63. Determine v(4).
-1481
Let v(g) = -g**2 + 12117*g - 96860. Calculate v(8).
12
Let l(j) = 1144426*j + 11444273. Calculate l(-10).
13
Let s(i) = i**3 - 29*i**2 + 95*i + 480. What is s(23)?
-509
Let t(m) = -635*m**2 + 28559*m + 730. Determine t(45).
10
Let z(p) = -5*p**2 + 3724*p + 64746. Calculate z(-17).
-7
Let g(b) = 31154*b + 778847. What is g(-25)?
-3
Let g(v) = 5*v**3 + 224*v**2 + 769*v - 344. Determine g(-41).
66
Let a(v) = 5*v**2 + 670*v - 12827. Give a(17).
8
Let u(h) = 4*h**2 - 90*h + 25. Calculate u(16).
-391
Let a(r) = 2*r**2 + 27252*r - 136314. Determine a(5).
-4
Let k(m) = -14*m**2 - 97*m + 425. Give k(8).
-1247
Let c(i) = -68*i**2 - 13598*i + 341. Determine c(-200).
-59
Let r(m) = 255*m**2 - 1029*m + 1040. Calculate r(1).
266
Let q(v) = -63050*v - 630725. Determine q(-10).
-225
Let g(d) = -d**3 + 156*d**2 - 404*d - 74408. Give g(150).
-8
Let w(v) = -43*v**2 + 4945*v - 14441. What is w(3)?
7
Let h(o) = -2*o**3 + 3*o**2 - 284*o + 1463. Determine h(5).
-132
Let q(c) = -3*c**2 - 67169*c + 268717. Calculate q(4).
-7
Let w(m) = -m**3 - 15*m**2 + 329*m - 58. What is w(-27)?
-193
Let d(f) = f**3 - 139*f**2 + 1970*f - 369. Calculate d(123).
-123
Let s(o) = -o**3 + 1138*o**2 + 10316*o + 24. Give s(-9).
87
Let u(r) = 11*r**2 + 63*r - 436. Calculate u(7).
544
Let i(d) = d**3 - 151*d**2 - 32915*d + 820. Give i(272).
4
Let o(m) = -m**3 - 7*m**2 - 2459*m - 17159. What is o(-7)?
54
Let x(y) = 1435*y**2 - 78*y + 88. What is x(1)?
1445
Let n(t) = -52022*t + 10404375. Determine n(200).
-25
Let u(d) = 1021*d**3 + 38*d**2 - 38*d - 2. Calculate u(1).
1019
Let w(i) = 308*i + 1013. Determine w(0).
1013
Let f(q) = -15*q**3 + 842*q**2 - 125*q + 693. Give f(56).
-35
Let r(l) = l**2 + 436*l + 31238. Calculate r(-84).
1670
Let f(r) = -148*r**2 - 321*r + 28. Determine f(-1).
201
Let t(w) = 7697*w + 15367. Give t(-2).
-27
Let a(h) = -1386*h + 299493. What is a(216)?
117
Let l(w) = -w**3 - 128*w**2 + 1636*w - 6177. Give l(-140).
-17
Let m(v) = -2*v**3 + 123*v**2 + 67*v - 73. Calculate m(62).
237
Let k(t) = 306520*t + 612979. Calculate k(-2).
-61
Let l(i) = -16977*i + 6858702. Give l(404).
-6
Let c(d) = 43782*d - 5691593. What is c(130)?
67
Let b(v) = 50*v**2 - 841*v + 3391. Determine b(10).
-19
Let c(p) = 87*p + 27215. Determine c(-313).
-16
Let b(h) = -h**2 - 434*h - 31433. Determine b(-92).
31
Let f(y) = -1155*y + 10136. What is f(10)?
-1414
Let k(g) = 28*g**2 - 4237*g - 11478. Give k(154).
72
Let a(k) = 207*k + 135171. Give a(-653).
0
Let p(m) = -8*m**3 - 3*m**2 - 1657*m - 1654. Determine p(-1).
8
Let u(r) = -197734*r + 11666295. What is u(59)?
-11
Let w(n) = n**3 - 16*n**2 - 161*n - 133. Give w(-9).
-709
Let x(g) = -467*g + 30056. Give x(65).
-299
Let c(l) = 3*l**2 - 60*l + 153. Calculate c(7).
-120
Let p(t) = -98*t**2 + 719*t - 195. Determine p(7).
36
Let t(n) = 20915*n + 1024794. Give t(-49).
-41
Let l(u) = -39969*u - 4116812. Determine l(-103).
-5
Let b(f) = -55676*f - 166969. Determine b(-3).
59
Let t(z) = -11*z**2 + 447*z + 10261. What is t(57)?
1
Let q(t) = -t**3 + 178*t**2 - 2595*t - 23. What is q(16)?
-71
Let k(o) = o**3 + 17*o**2 + 64*o + 2. Calculate k(-10).
62
Let w(q) = 130639*q + 391917. Determine w(-3).
0
Let u(z) = -z**3 + 942*z**2 + 76263*z - 739. Give u(-75).
161
Let h(l) = -23487*l - 3734443. Determine h(-159).
-10
Let b(u) = -2062*u - 32951. Determine b(-16).
41
Let m(y) = -1553*y + 46664. Give m(30).
74
Let q(u) = 28*u**3 - 3*u**2 + 93*u - 80. Calculate q(1).
38
Let c(n) = -2223633*n - 28907238. Determine c(-13).
-9
Let k(i) = -489*i + 9686. Give k(20).
-94
Let d(k) = 2*k**3 - 332*k**2 + 1301*k - 826. Calculate d(162).
-16
Let l(h) = -h**3 - 78*h**2 - 416*h + 295. Calculate l(-72).
-857
Let z(q) = 8*q**3 + 40*q**2 - 36*q - 2. Determine z(1).
10
Let h(l) = -l**3 - 204*l**2 + 3160*l - 9315. What is h(4)?
-3
Let h(z) = -z**3 + 59*z**2 + 122*z - 20. What is h(61)?
-20
Let z(n) = -2*n**2 + 43*n + 27. Determine z(28).
-337
Let n(s) = 4*s**3 + 26*s**2 + 216*s + 1207. Determine n(-6).
-17
Let u(z) = -130*z - 1628. Calculate u(-11).
-198
Let s(d) = -d**3 + 60*d**2 - 208*d - 735. What is s(56)?
161
Let o(w) = -69*w**2 - 505*w + 1311. Calculate o(2).
25
Let l(j) = -2*j**3 - 222*j**2 - 109*j + 12295. Give l(-110).
85
Let d(a) = -a**2 - 121*a + 11304. Calculate d(62).
-42
Let k(z) = 3*z**2 + 312*z + 595. Calculate k(-100).
-605
Let c(t) = t**3 + 170*t**2 - 716*t + 27666. What is c(-175)?
-159
Let d(o) = -442*o - 34747. Determine d(-77).
-713
Let y(b) = 6*b**2 + 947*b + 35176. What is y(-98)?
-6
Let c(a) = -777*a + 120924. What is c(156)?
-288
Let y(d) = 478372*d + 13394421. Determine y(-28).
5
Let g(n) = -9*n**2 + 3579*n - 14172. What is g(4)?
0
Let a(j) = -43878*j + 482614. Calculate a(11).
-44
Let s(z) = z**3 - 65*z**2 - 10*z + 8. Determine s(4).
-1008
Let c(h) = -10*h**2 + 5280*h - 73669. Give c(14).
-1709
Let w(g) = -18*g**3 - 107*g**2 + 23*g - 82. What is w(-6)?
-184
Let m(l) = 3*l**3 + 18*l**2 - 31*l - 29. Determine m(-4).
191
Let b(p) = 86*p - 5818. Calculate b(82).
1234
Let n(y) = y**3 + 3*y + 426. Calculate n(0).
426
Let f(i) = -3*i**3 + 21*i**2 - 2349*i + 16454. Calculate f(7).
11
Let m(u) = -4900*u + 1269042. Determine m(259).
-58
Let d(o) = -106610*o + 4584231. Calculate d(43).
1
Let r(w) = 14*w**3 - 377*w**2 - 104*w + 582. Give r(27).
-1497
Let z(v) = 2*v**3 + 39*v**2 + 90*v - 420. What is z(-6)?
12
Let c(w) = -940*w - 69773. Give c(-70).
-3973
Let x(m) = 1380373*m + 20705598. What is x(-15)?
3
Let m(f) = -534*f + 85422. Give m(160).
-18
Let q(z) = z**3 - 28*z**2 - 287*z - 31. Calculate q(36).
5
Let f(t) = -t**3 - 2315*t**2 + 9255*t - 17. What is f(4)?
-101
Let r(h) = 997*h + 164519. Calculate r(-165).
14
Let p(k) = -7006*k + 155778. Calculate p(22).
1646
Let t(h) = -54*h**2 + 2040*h - 8830. What is t(5)?
20
Let p(y) = -853*y + 10168. Determine p(10).
1638
Let r(a) = 3*a**2 + 3400*a - 159077. Give r(45).
-2
Let k(v) = -11273*v + 33698. Give k(3).
-121
Let k(u) = -2*u**3 + 53*u**2 - 309*u - 412. Determine k(16).
20
Let j(z) = 825*z - 198031. Give j(240).
-31
Let x(o) = 424*o**2 - 10173*o - 67. Determine x(24).
5
Let a(t) = 78*t**2 + 1959*t - 43. Calculate a(-25).
-268
Let f(g) = -18859*g - 2376296. Give f(-126).
-62
Let h(x) = -2*x**2 + 24311*x - 170070. Determine h(7).
9
Let z(a) = -73*a**2 - 2328*a - 11181. What is z(-26)?
-1
Let y(l) = l**2 + 445060*l + 1780229. Give y(-4).
5
Let y(h) = -366238*h - 18311897. Give y(-50).
3
Let b(y) = -63485*y - 23425973. Give b(-369).
-8